e factors of h?
2, 11
Let k = -263 + 845. What are the prime factors of k?
2, 3, 97
Suppose -3*r + 2120 = -2*y, -y - 2827 = -4*r + 2*y. What are the prime factors of r?
2, 353
Suppose -3*l + 13 = 2*f, 0 = 4*f + l - 3 + 2. Let y(j) = -52*j + 2. Let p be y(f). What are the prime factors of ((-5)/10)/((-1)/p)?
3
Let l = -4 + 4. Suppose -69 = -2*q - 5*g, 2*q + l*g - 78 = -2*g. Let v = q + -38. What are the prime factors of v?
2
List the prime factors of (266/(-21))/((-5)/240).
2, 19
Let w(k) = -127*k - 28. What are the prime factors of w(-12)?
2, 11, 17
Let d = -449 + 782. List the prime factors of d.
3, 37
Let q(n) = 42*n**2 + 534*n + 14. List the prime factors of q(-17).
2, 29, 53
List the prime factors of -6 - (-582*(-2)/(-4))/1.
3, 5, 19
List the prime factors of (-10)/16*-2 - 125027/(-212).
3, 197
Let b = 559 + -64. Suppose -5*l = -5*k + b, 4*k - 134 = 2*l + 268. List the prime factors of k.
2, 3, 17
Let t(j) = j**2 - j - 15. Suppose -2*i = -f - 17, 40 = i + 3*i + 4*f. List the prime factors of t(i).
3, 19
Suppose 4*c + 4*j = 3580, 3577 = c + 3*c + 3*j. What are the prime factors of c?
2, 223
Suppose -6 = 5*f + j, -2*j + 2 = 2*f + 6. Let v be f + (-1 + 2)*0. What are the prime factors of (-50)/(-5 + (-3)/v)?
5
Suppose 4*a - 67 = -2*j + 109, -5*j = -3*a - 375. List the prime factors of j.
2, 3, 13
Suppose 5*z - 82 = -62. Let h be (15/(-10) + 2)*z. Suppose 0*j - 4*j - n + 175 = 0, 135 = 3*j + h*n. What are the prime factors of j?
43
Suppose 3 = 2*m + 5*y, 0 = -4*m + 3*m + 5*y + 9. Let q be (-8)/6*(3 + -6). Suppose q = 2*t - m. What are the prime factors of t?
2
Let x(w) = -2*w**3 - w**2 + 15*w + 19. What are the prime factors of x(-8)?
859
Let a be (11 + -7)/(6/21). What are the prime factors of ((-3)/(-2))/(a/1820)?
3, 5, 13
Let t(n) = -13*n**2 + 8*n + 29. Let p be t(9). Let l be (-6)/15 + 236/(-10). What are the prime factors of p/l - 1/(-3)?
2, 5
Let g = 11 - -223. Let s = g + -151. List the prime factors of s.
83
Suppose 4*w + 2*h - 4512 = 0, -3832 = -5*w - 4*h + 1814. What are the prime factors of w?
2, 563
Let l = -3262 - -4734. What are the prime factors of l?
2, 23
Let p = -336 + 802. List the prime factors of p.
2, 233
Suppose -4*y + 234 = 5*y. Suppose 4*h = -4*q + 560, -q + 154 - y = -2*h. List the prime factors of q.
2, 17
Suppose -4*l = -12, -6 = -5*i + 4*l + 12. Suppose 0 = 4*u - 3*t + i, 2*t - t - 2 = 4*u. What are the prime factors of (56/(-6) + u)*-3?
2, 7
Suppose -52*u + 56*u = 7768. List the prime factors of u.
2, 971
Suppose 0 = 5*y - l - 5134, 4*y + 49*l = 51*l + 4106. What are the prime factors of y?
13, 79
Suppose -4*q - 283 = -3*w, 4*q = -5*w + 8*q + 485. List the prime factors of w.
101
Suppose 0 = 2*p + 4*o - 28, 2*p + 5*o - 21 = 3*p. Suppose 2*w - p*c = 7*w + 40, -9 = w + c. Let z(n) = -4*n + 5. List the prime factors of z(w).
3, 7
Let n be -1 + (5 - 1 - 5). Let b be (-12)/((-4 + 2)/n). Let w(j) = -j**3 - 13*j**2 - 16*j + 5. What are the prime factors of w(b)?
53
Let t = -10 - -15. Suppose 3*m + a = 5, m + 3*m - 13 = t*a. What are the prime factors of 4 - 5 - (-52)/m?
5
Let c(q) = -2*q - 9. Suppose -4*p + 29 = -3*t, -p + 1 = -t - 4*p. Let w be c(t). List the prime factors of 3/w + (-435)/(-25).
2, 3
Suppose 4*n + 6 = w, -2*n - 5*w + 10*w = 12. Let k = 3 + n. Suppose 2 = 3*p - 4, 0 = j + k*p - 21. What are the prime factors of j?
17
Suppose -7*o + 793 + 411 = 0. Suppose 68 = 2*a + 5*n, -5*a + 4*n - 68 = -o. What are the prime factors of a?
2, 3
Let c = 529 - 365. What are the prime factors of c?
2, 41
Suppose 3*j = -j + 288. Let k be (21/6)/(4/(-56)). Let h = k + j. What are the prime factors of h?
23
Let p(k) = -k + 4. Let c be p(-6). List the prime factors of (c/(-5) + -93)*-1.
5, 19
Suppose -169 = -5*p + 116. Let a = p - 8. List the prime factors of a.
7
Suppose 68 = 4*y - l, -6 = -3*l + 6. Let w = y - 16. Suppose -5*x - w*d = -86, 0 = x + 2*d + 2*d - 28. List the prime factors of x.
2
Let j = 851 - 676. List the prime factors of j.
5, 7
Let j(f) be the first derivative of f**4/4 - 10*f**3/3 - 5*f**2 - 4*f - 3. Let p be j(11). What are the prime factors of 173/p + (-24)/(-84)?
5
Let s(u) = -u**2 + 6*u - 7. Let q be s(4). Let y be (-4 + (-23)/q)*1. Let d = y + 60. What are the prime factors of d?
3, 11
Suppose 2*y = 2*i - 3*i + 1032, -2*y - 3064 = -3*i. What are the prime factors of i?
2
Suppose 4*f + 13725 = 3*d, -3*f = -31*d + 36*d - 22846. List the prime factors of d.
7, 653
Suppose -4*j - 5*t = -11, -2*t = -0*j - 4*j + 18. Suppose h - 4*x = 2, 4 = 3*h + j*x - 18. Suppose -3*q + 4*q = h. List the prime factors of q.
2, 3
Let u = -755 - -1895. List the prime factors of u.
2, 3, 5, 19
Let x(c) = -4*c + 49. Let p be x(12). Let k(t) be the third derivative of 7*t**4/6 - 2*t**2. What are the prime factors of k(p)?
2, 7
Let b = 2680 + -1099. What are the prime factors of b?
3, 17, 31
Suppose 0 = -3*g - 23 - 151. What are the prime factors of (-2 - (g + -3)) + -4?
5, 11
Suppose -3675 = -7*k - 896. List the prime factors of k.
397
Let k be (-1)/((1 - 0)/(-52)). Let h be (-6 - -21)*k/10. Suppose -39 = 2*y - 3*y - 4*q, 3*y = q + h. What are the prime factors of y?
3
What are the prime factors of 4634/42 + (-4)/(-6)?
3, 37
Let w(p) = 14*p**2 - 91*p + 3. What are the prime factors of w(-5)?
2, 101
Suppose 0 = -16*z + 10239 + 11297. List the prime factors of z.
2, 673
Suppose 1 = -4*f + 5*f. Let m(z) = z**2 + z + 1. Let x(c) = 4*c**2 - 5*c - 5. Let g(q) = f*x(q) - 5*m(q). What are the prime factors of g(-8)?
2, 3
Let u be 70/5 + -4 + 2. Let p = u + -34. Let b = 33 + p. List the prime factors of b.
11
Let n(a) be the first derivative of a**3 + 6*a**2 + 13*a - 16. What are the prime factors of n(-7)?
2, 19
Let p be 5/(10/6) + -1 + 0. Suppose -176 = -p*j + 142. List the prime factors of j.
3, 53
Let v(n) = 2*n**2 - n + 2. Let z be v(2). Suppose 0 = t + 5*m - 15, 3*m + 77 - z = 2*t. List the prime factors of t.
2, 3, 5
Let m = -10 - -1792. List the prime factors of m.
2, 3, 11
Let j = 43 + -43. Suppose j = h - 179 + 23. List the prime factors of h.
2, 3, 13
Suppose 0 = -p - 2*p + 45. Let m be 44/10 - 6/p. Suppose -80 = -2*q - 5*n - 4, -16 = -m*n. What are the prime factors of q?
2, 7
Let k(y) = 6*y - 9. Let n be k(5). List the prime factors of 910/n + (-2)/(-3).
2, 11
Let i be 30*(-1 + 170/6). Suppose 0*m + 5*m - i = 0. List the prime factors of m.
2, 41
Suppose 2*u - 28 = 14. Let p be 14/3 + (-1)/(-3). Suppose 3*o - 28 - u = -2*y, 4*o - p*y = 27. What are the prime factors of o?
13
Let r = -82 - -90. Suppose r*w = 1095 + 281. What are the prime factors of w?
2, 43
Let q(a) = 2*a + 6. Let w be q(-6). Let g(h) = -h**2 - 6*h + 6. Let y be g(w). Let r(i) = i**2 - i + 1. What are the prime factors of r(y)?
31
Let w be 4/(-1)*10/(-8). Let l = w - -13. List the prime factors of l.
2, 3
Suppose -88*h - 11008 = -92*h. What are the prime factors of h?
2, 43
Let q be (0 - -5) + (3 - 3). Suppose 2*b = -3*b + 20. Suppose 2*y + b*w = 40, 2*w - 7*w - q = 0. List the prime factors of y.
2, 11
Suppose 4*f - 12 = -u, -f - 4*f = 5*u - 60. Let z = -7 + u. What are the prime factors of z?
5
Let y(b) = 5 + b + 9*b + 1. Let z(t) = -t**2 - 30*t - 101. Let f be z(-26). What are the prime factors of y(f)?
2, 3
Suppose 3*r - 2*s = 46, 4*s - 19 = -4*r + 69. Let t = r + -14. Suppose 3*h - 65 = t. List the prime factors of h.
23
Let h(d) = -29*d**3 - 5*d**2 + 51*d + 162. List the prime factors of h(-3).
3, 83
Let p(q) = 3 - 3*q + 4*q**2 + 1 + 3. What are the prime factors of p(3)?
2, 17
Suppose -b + 1334 = 4*n - 1094, -5*b + 2428 = 4*n. List the prime factors of n.
607
Suppose 6*o = 4*a + o - 142, o = -2*a + 78. Let u(p) = p**3 - 7*p**2 + 4*p + 5. Let q be u(5). Let z = q + a. List the prime factors of z.
13
Let s = 2675 - 1889. What are the prime factors of s?
2, 3, 131
Let u be 1/(-1)*(469 - -4). List the prime factors of u/(-7) - (-8)/(-14).
67
Suppose -4 = -5*j + 3*j. Let r be (12/8*8)/j. Suppose -r*q + 6 = -3*q. List the prime factors of q.
2
Let y be 1*6*(-2)/(-4). Suppose 0 = -5*b + 10, -2*i - i - 285 = -y*b. What are the prime factors of (-1)/((-4)/(-1 - i))?
23
Let r(h) = -h + 4. Let u be r(-2). Let i be (12/15)/(u/(-195)). Let y = 62 + i. List the prime factors of y.
2, 3
What are the prime factors of 1*((-12)/4 - -1) + 466?
2, 29
Suppose 0 = -5